{"id":1148,"date":"2023-09-20T21:34:23","date_gmt":"2023-09-20T19:34:23","guid":{"rendered":"https:\/\/f7.vamtam.com\/?page_id=1148"},"modified":"2025-11-27T19:44:37","modified_gmt":"2025-11-27T18:44:37","slug":"impressum","status":"publish","type":"page","link":"https:\/\/vigor-fitness.at\/fit\/impressum\/","title":{"rendered":"Impressum"},"content":{"rendered":"\t\t<div data-elementor-type=\"wp-page\" data-elementor-id=\"1148\" class=\"elementor elementor-1148\" data-elementor-post-type=\"page\">\n\t\t\t\t\t\t<section class=\"elementor-section elementor-top-section elementor-element elementor-element-a3f10fd elementor-section-boxed elementor-section-height-default elementor-section-height-default\" data-id=\"a3f10fd\" data-element_type=\"section\" data-e-type=\"section\">\n\t\t\t\t\t\t<div class=\"elementor-container elementor-column-gap-no\">\n\t\t\t\t\t<div class=\"elementor-column elementor-col-100 elementor-top-column elementor-element elementor-element-f2eb917\" data-id=\"f2eb917\" data-element_type=\"column\" data-e-type=\"column\">\n\t\t\t<div class=\"elementor-widget-wrap elementor-element-populated\">\n\t\t\t\t\t\t\t<\/div>\n\t\t<\/div>\n\t\t\t\t\t<\/div>\n\t\t<\/section>\n\t\t<div class=\"elementor-element elementor-element-bbff81f e-flex e-con-boxed e-con e-parent\" data-id=\"bbff81f\" data-element_type=\"container\" data-e-type=\"container\">\n\t\t\t\t\t<div class=\"e-con-inner\">\n\t\t<div class=\"elementor-element elementor-element-fdbf401 e-con-full e-flex e-con e-child\" data-id=\"fdbf401\" data-element_type=\"container\" data-e-type=\"container\">\n\t\t\t\t<div class=\"elementor-element elementor-element-070795d elementor-widget elementor-widget-heading\" data-id=\"070795d\" data-element_type=\"widget\" data-e-type=\"widget\" data-widget_type=\"heading.default\">\n\t\t\t\t<div class=\"elementor-widget-container\">\n\t\t\t\t\t<h5 class=\"elementor-heading-title elementor-size-default\">Firmenwortlaut und Inhaber<\/h5>\t\t\t\t<\/div>\n\t\t\t\t<\/div>\n\t\t\t\t<div class=\"elementor-element elementor-element-2e37a9f elementor-widget elementor-widget-text-editor\" data-id=\"2e37a9f\" data-element_type=\"widget\" data-e-type=\"widget\" data-widget_type=\"text-editor.default\">\n\t\t\t\t<div class=\"elementor-widget-container\">\n\t\t\t\t\t\t\t\t\t<p>Vigor Fitness<\/p><p>Herrengasse Herrengasse 14, Stiege 1, 1. Stock, T\u00fcr 1035<\/p><p>Inhaber: Zoloto GmbH und Christian Binder<\/p><p>Gesch\u00e4ftsf\u00fchrer: Christian Binder<\/p><p>Tel:<span class=\"LrzXr\"><a href=\"tel:+436764406655\" target=\"_blank\" rel=\"noopener\">+43 (0) 676 440 6655<\/a><\/span><\/p><p><a href=\"healthpost@vigor-fitness.at\">healthpost@vigor-fitness.at<\/a><\/p>\t\t\t\t\t\t\t\t<\/div>\n\t\t\t\t<\/div>\n\t\t\t\t<div class=\"elementor-element elementor-element-19f8e46 elementor-widget elementor-widget-heading\" data-id=\"19f8e46\" data-element_type=\"widget\" data-e-type=\"widget\" data-widget_type=\"heading.default\">\n\t\t\t\t<div class=\"elementor-widget-container\">\n\t\t\t\t\t<h5 class=\"elementor-heading-title elementor-size-default\">Rechtliches<\/h5>\t\t\t\t<\/div>\n\t\t\t\t<\/div>\n\t\t\t\t<div class=\"elementor-element elementor-element-744cba4 elementor-widget elementor-widget-text-editor\" data-id=\"744cba4\" data-element_type=\"widget\" data-e-type=\"widget\" data-widget_type=\"text-editor.default\">\n\t\t\t\t<div class=\"elementor-widget-container\">\n\t\t\t\t\t\t\t\t\t<p><strong>Unternehmensgegenstand:<\/strong> Betrieb eines Fitnessstudios<\/p><p><strong>Firmenbuchnummer:<\/strong> FN 606459 b<\/p><p>Firmenbuchgericht: Handelsgericht Wien<\/p><p>Mitglied der WK\u00d6<\/p><p><strong>T\u00e4tigkeitsbeschreibung: <\/strong>Sport- und Gesundheitsbetriebe sowie der Betrieb von Gesundheitseinrichtungen<\/p><p><strong>Anwendbare Rechtsvorschrift:<\/strong> GewO 1994; Zugang unter: <a href=\"https:\/\/www.ris.bka.gv.at\" target=\"_blank\" rel=\"noopener\">www.ris.bka.gv.at<\/a><\/p><p><strong>Gewerbebeh\u00f6rde:<\/strong> Magistrat der Stadt Wien<\/p><p><strong>Umsetzung der Homepage:<\/strong> <a href=\"https:\/\/comintern.at\" target=\"_blank\" rel=\"noopener\">ComIntern<\/a><\/p>\t\t\t\t\t\t\t\t<\/div>\n\t\t\t\t<\/div>\n\t\t\t\t<\/div>\n\t\t<div class=\"elementor-element elementor-element-474f53f e-con-full e-flex e-con e-child\" data-id=\"474f53f\" data-element_type=\"container\" data-e-type=\"container\">\n\t\t<div class=\"elementor-element elementor-element-4e96ded e-flex e-con-boxed e-con e-child\" data-id=\"4e96ded\" data-element_type=\"container\" data-e-type=\"container\">\n\t\t\t\t\t<div class=\"e-con-inner\">\n\t\t\t\t<div class=\"elementor-element elementor-element-984cfb8 elementor-widget elementor-widget-image\" data-id=\"984cfb8\" data-element_type=\"widget\" data-e-type=\"widget\" data-widget_type=\"image.default\">\n\t\t\t\t<div class=\"elementor-widget-container\">\n\t\t\t\t\t\t\t\t\t<div class=\"elementor-image\">\n\t\t\t\t\t\t\t\t\t\t\t\t\t\t\t\t\t\t\t\t\t<img fetchpriority=\"high\" decoding=\"async\" width=\"1024\" height=\"1024\" src=\"https:\/\/vigor-fitness.at\/fit\/wp-content\/uploads\/2023\/10\/Vigor_Fitnes_Wien_Impressumg.jpg\" class=\"attachment-large size-large wp-image-989479\" alt=\"\" srcset=\"https:\/\/vigor-fitness.at\/fit\/wp-content\/uploads\/2023\/10\/Vigor_Fitnes_Wien_Impressumg.jpg 1024w, https:\/\/vigor-fitness.at\/fit\/wp-content\/uploads\/2023\/10\/Vigor_Fitnes_Wien_Impressumg-300x300.jpg 300w, https:\/\/vigor-fitness.at\/fit\/wp-content\/uploads\/2023\/10\/Vigor_Fitnes_Wien_Impressumg-150x150.jpg 150w, https:\/\/vigor-fitness.at\/fit\/wp-content\/uploads\/2023\/10\/Vigor_Fitnes_Wien_Impressumg-768x768.jpg 768w\" sizes=\"(max-width: 1024px) 100vw, 1024px\" \/>\t\t\t\t\t\t\t\t\t\t\t\t\t\t\t\t\t\t\t\t\t\t\t\t<\/div>\n\t\t\t\t\t\t\t\t<\/div>\n\t\t\t\t<\/div>\n\t\t\t\t\t<\/div>\n\t\t\t\t<\/div>\n\t\t\t\t<\/div>\n\t\t\t\t\t<\/div>\n\t\t\t\t<\/div>\n\t\t<div class=\"elementor-element elementor-element-d58c573 e-flex e-con-boxed e-con e-parent\" data-id=\"d58c573\" data-element_type=\"container\" data-e-type=\"container\">\n\t\t\t\t\t<div class=\"e-con-inner\">\n\t\t\t\t<div class=\"elementor-element elementor-element-5094119 elementor-widget elementor-widget-heading\" data-id=\"5094119\" data-element_type=\"widget\" data-e-type=\"widget\" data-widget_type=\"heading.default\">\n\t\t\t\t<div class=\"elementor-widget-container\">\n\t\t\t\t\t<h5 class=\"elementor-heading-title elementor-size-default\">Haftung<\/h5>\t\t\t\t<\/div>\n\t\t\t\t<\/div>\n\t\t\t\t<div class=\"elementor-element elementor-element-7c11989 elementor-widget elementor-widget-text-editor\" data-id=\"7c11989\" data-element_type=\"widget\" data-e-type=\"widget\" data-widget_type=\"text-editor.default\">\n\t\t\t\t<div class=\"elementor-widget-container\">\n\t\t\t\t\t\t\t\t\t<p>Wir haben alle Anstrengungen unternommen, um korrekte Informationen auf dieser Website zum Zeitpunkt der Ver\u00f6ffentlichung sicherzustellen. Vigor Fitness \u00fcbernimmt keine Garantie f\u00fcr ihre Richtigkeit sowie keine Haftung dritten Parteien auf der ganzen Welt gegen\u00fcber f\u00fcr alle Personensch\u00e4den, Folgesch\u00e4den, mittelbare Sch\u00e4den, Verm\u00f6genssch\u00e4den oder sonstige Sch\u00e4den, die durch den Gebrauch oder das Vertrauen auf die auf dieser Website enthaltenen Informationen entstehen.<\/p>\t\t\t\t\t\t\t\t<\/div>\n\t\t\t\t<\/div>\n\t\t\t\t<div class=\"elementor-element elementor-element-bc86e89 elementor-widget elementor-widget-heading\" data-id=\"bc86e89\" data-element_type=\"widget\" data-e-type=\"widget\" data-widget_type=\"heading.default\">\n\t\t\t\t<div class=\"elementor-widget-container\">\n\t\t\t\t\t<h5 class=\"elementor-heading-title elementor-size-default\">Weiterf\u00fchrende Links<\/h5>\t\t\t\t<\/div>\n\t\t\t\t<\/div>\n\t\t\t\t<div class=\"elementor-element elementor-element-841da3a elementor-widget elementor-widget-text-editor\" data-id=\"841da3a\" data-element_type=\"widget\" data-e-type=\"widget\" data-widget_type=\"text-editor.default\">\n\t\t\t\t<div class=\"elementor-widget-container\">\n\t\t\t\t\t\t\t\t\t<p>An verschiedenen Stellen unseres Informationsangebotes verweist unsere Internetseite auf fremde Websites. Die Links dienen ausschlie\u00dflich der Information \u2013 werben jedoch nicht f\u00fcr die Inhalte dieser Seiten.Vigor Fitness erkl\u00e4rt ausdr\u00fccklich, dass zum Zeitpunkt der Linksetzung die verlinkten Seiten frei von illegalen Inhalten waren. Vigor Fitness hat keinerlei Einfluss auf die aktuelle und zuk\u00fcnftige Gestaltung und auf die Inhalte der verkn\u00fcpften Seiten und macht sich diese nicht zu Eigen. Deshalb distanziert sich Vigor Fitness hiermit ausdr\u00fccklich von allen Inhalten aller verkn\u00fcpften Seiten, die nach der Linksetzung ver\u00e4ndert wurden. Diese Feststellung gilt f\u00fcr alle innerhalb des eigenen Internetangebotes gesetzten Links und Verweise. F\u00fcr illegale, fehlerhafte oder unvollst\u00e4ndige Inhalte und insbesondere f\u00fcr Sch\u00e4den, die aus der Nutzung oder Nichtnutzung solcher Informationen entstehen, haftet allein der Anbieter der Website, auf welche verwiesen wurde.<\/p>\t\t\t\t\t\t\t\t<\/div>\n\t\t\t\t<\/div>\n\t\t\t\t<div class=\"elementor-element elementor-element-bcee3d2 elementor-widget elementor-widget-heading\" data-id=\"bcee3d2\" data-element_type=\"widget\" data-e-type=\"widget\" data-widget_type=\"heading.default\">\n\t\t\t\t<div class=\"elementor-widget-container\">\n\t\t\t\t\t<h5 class=\"elementor-heading-title elementor-size-default\">Urheberrecht<\/h5>\t\t\t\t<\/div>\n\t\t\t\t<\/div>\n\t\t\t\t<div class=\"elementor-element elementor-element-0c69b02 elementor-widget elementor-widget-text-editor\" data-id=\"0c69b02\" data-element_type=\"widget\" data-e-type=\"widget\" data-widget_type=\"text-editor.default\">\n\t\t\t\t<div class=\"elementor-widget-container\">\n\t\t\t\t\t\t\t\t\t<p>Layout und Gestaltung des Angebots insgesamt, sowie seiner einzelnen Elemente, wie Logos, Fotos usw. sind urheberrechtlich gesch\u00fctzt. Gleiches gilt f\u00fcr die redaktionellen Beitr\u00e4ge im Einzelnen, sowie ihre Auswahl und Zusammenstellung; Ver\u00e4nderungen daran d\u00fcrfen nicht vorgenommen werden. Jede weitergehende Nutzung, insbesondere die Speicherung in Datenbanken, Ver\u00f6ffentlichung, Vervielf\u00e4ltigung und jede Form von gewerblicher Nutzung sowie die Weitergabe an Dritte \u2013 auch in Teilen oder in \u00fcberarbeiteter Form \u2013 ohne Zustimmung ist untersagt.<\/p>\t\t\t\t\t\t\t\t<\/div>\n\t\t\t\t<\/div>\n\t\t\t\t<div class=\"elementor-element elementor-element-b47f8db elementor-widget elementor-widget-heading\" data-id=\"b47f8db\" data-element_type=\"widget\" data-e-type=\"widget\" data-widget_type=\"heading.default\">\n\t\t\t\t<div class=\"elementor-widget-container\">\n\t\t\t\t\t<h5 class=\"elementor-heading-title elementor-size-default\">Widerrufsrecht bei Online-Abschluss der Mitgliedschaft<\/h5>\t\t\t\t<\/div>\n\t\t\t\t<\/div>\n\t\t\t\t<div class=\"elementor-element elementor-element-7f3da86 elementor-widget elementor-widget-text-editor\" data-id=\"7f3da86\" data-element_type=\"widget\" data-e-type=\"widget\" data-widget_type=\"text-editor.default\">\n\t\t\t\t<div class=\"elementor-widget-container\">\n\t\t\t\t\t\t\t\t\t<p>Mitglieder haben das Recht, ihre online abgeschlossene Mitgliedschaft innerhalb von <strong>14 Tagen ab dem Datum des Online-Kaufs<\/strong> zu k\u00fcndigen und die bereits geleistete erste Zahlung zur\u00fcckzufordern. Dieses Widerrufsrecht gilt ausschlie\u00dflich f\u00fcr Vertr\u00e4ge, die <strong>online abgeschlossen<\/strong> wurden.<\/p><p>Die Inanspruchnahme des Widerrufsrechts ist nur m\u00f6glich, <strong>sofern innerhalb der 14-t\u00e4gigen Frist keine Leistungen von Vigor in Anspruch genommen<\/strong> wurden.<\/p><p>Sind diese Voraussetzungen erf\u00fcllt, wird der Mitgliedsvertrag <strong>mit sofortiger Wirkung aufgel\u00f6st<\/strong>.<\/p>\t\t\t\t\t\t\t\t<\/div>\n\t\t\t\t<\/div>\n\t\t\t\t\t<\/div>\n\t\t\t\t<\/div>\n\t\t\t\t<\/div>\n\t\t","protected":false},"excerpt":{"rendered":"<p>Firmenwortlaut und Inhaber Vigor Fitness Herrengasse Herrengasse 14, Stiege 1, 1. Stock, T\u00fcr 1035 Inhaber: Zoloto GmbH und Christian Binder Gesch\u00e4ftsf\u00fchrer: Christian Binder Tel:+43 (0) 676 440 6655 healthpost@vigor-fitness.at Rechtliches Unternehmensgegenstand: Betrieb eines Fitnessstudios Firmenbuchnummer: FN 606459 b Firmenbuchgericht: Handelsgericht Wien Mitglied der WK\u00d6 T\u00e4tigkeitsbeschreibung: Sport- und Gesundheitsbetriebe sowie der Betrieb von Gesundheitseinrichtungen Anwendbare Rechtsvorschrift:&#8230;<\/p>\n","protected":false},"author":1,"featured_media":0,"parent":0,"menu_order":0,"comment_status":"closed","ping_status":"closed","template":"","meta":{"_monsterinsights_skip_tracking":false,"_monsterinsights_sitenote_active":false,"_monsterinsights_sitenote_note":"","_monsterinsights_sitenote_category":0,"footnotes":""},"class_list":["post-1148","page","type-page","status-publish","hentry"],"yoast_head":"<!-- This site is optimized with the Yoast SEO plugin v27.3 - https:\/\/yoast.com\/product\/yoast-seo-wordpress\/ -->\n<title>Impressum - Vigor Fitness<\/title>\n<meta name=\"robots\" content=\"index, follow, max-snippet:-1, max-image-preview:large, max-video-preview:-1\" \/>\n<link rel=\"canonical\" href=\"https:\/\/vigor-fitness.at\/fit\/impressum\/\" \/>\n<meta property=\"og:locale\" content=\"de_DE\" \/>\n<meta property=\"og:type\" content=\"article\" \/>\n<meta property=\"og:title\" content=\"Impressum - Vigor Fitness\" \/>\n<meta property=\"og:description\" content=\"Firmenwortlaut und Inhaber Vigor Fitness Herrengasse Herrengasse 14, Stiege 1, 1. Stock, T\u00fcr 1035 Inhaber: Zoloto GmbH und Christian Binder Gesch\u00e4ftsf\u00fchrer: Christian Binder Tel:+43 (0) 676 440 6655 healthpost@vigor-fitness.at Rechtliches Unternehmensgegenstand: Betrieb eines Fitnessstudios Firmenbuchnummer: FN 606459 b Firmenbuchgericht: Handelsgericht Wien Mitglied der WK\u00d6 T\u00e4tigkeitsbeschreibung: Sport- und Gesundheitsbetriebe sowie der Betrieb von Gesundheitseinrichtungen Anwendbare Rechtsvorschrift:...\" \/>\n<meta property=\"og:url\" content=\"https:\/\/vigor-fitness.at\/fit\/impressum\/\" \/>\n<meta property=\"og:site_name\" content=\"Vigor Fitness\" \/>\n<meta property=\"article:publisher\" content=\"https:\/\/www.facebook.com\/Vigor.Health.Performance\" \/>\n<meta property=\"article:modified_time\" content=\"2025-11-27T18:44:37+00:00\" \/>\n<meta property=\"og:image\" content=\"https:\/\/vigor-fitness.at\/fit\/wp-content\/uploads\/2023\/10\/Vigor_Fitnes_Wien_Impressumg.jpg\" \/>\n\t<meta property=\"og:image:width\" content=\"1024\" \/>\n\t<meta property=\"og:image:height\" content=\"1024\" \/>\n\t<meta property=\"og:image:type\" content=\"image\/jpeg\" \/>\n<meta name=\"twitter:card\" content=\"summary_large_image\" \/>\n<meta name=\"twitter:label1\" content=\"Gesch\u00e4tzte Lesezeit\" \/>\n\t<meta name=\"twitter:data1\" content=\"3 Minuten\" \/>\n<script type=\"application\/ld+json\" class=\"yoast-schema-graph\">{\"@context\":\"https:\\\/\\\/schema.org\",\"@graph\":[{\"@type\":\"WebPage\",\"@id\":\"https:\\\/\\\/vigor-fitness.at\\\/fit\\\/impressum\\\/\",\"url\":\"https:\\\/\\\/vigor-fitness.at\\\/fit\\\/impressum\\\/\",\"name\":\"Impressum - Vigor Fitness\",\"isPartOf\":{\"@id\":\"https:\\\/\\\/vigor-fitness.at\\\/fit\\\/#website\"},\"primaryImageOfPage\":{\"@id\":\"https:\\\/\\\/vigor-fitness.at\\\/fit\\\/impressum\\\/#primaryimage\"},\"image\":{\"@id\":\"https:\\\/\\\/vigor-fitness.at\\\/fit\\\/impressum\\\/#primaryimage\"},\"thumbnailUrl\":\"https:\\\/\\\/vigor-fitness.at\\\/fit\\\/wp-content\\\/uploads\\\/2023\\\/10\\\/Vigor_Fitnes_Wien_Impressumg.jpg\",\"datePublished\":\"2023-09-20T19:34:23+00:00\",\"dateModified\":\"2025-11-27T18:44:37+00:00\",\"breadcrumb\":{\"@id\":\"https:\\\/\\\/vigor-fitness.at\\\/fit\\\/impressum\\\/#breadcrumb\"},\"inLanguage\":\"de-AT\",\"potentialAction\":[{\"@type\":\"ReadAction\",\"target\":[\"https:\\\/\\\/vigor-fitness.at\\\/fit\\\/impressum\\\/\"]}]},{\"@type\":\"ImageObject\",\"inLanguage\":\"de-AT\",\"@id\":\"https:\\\/\\\/vigor-fitness.at\\\/fit\\\/impressum\\\/#primaryimage\",\"url\":\"https:\\\/\\\/vigor-fitness.at\\\/fit\\\/wp-content\\\/uploads\\\/2023\\\/10\\\/Vigor_Fitnes_Wien_Impressumg.jpg\",\"contentUrl\":\"https:\\\/\\\/vigor-fitness.at\\\/fit\\\/wp-content\\\/uploads\\\/2023\\\/10\\\/Vigor_Fitnes_Wien_Impressumg.jpg\",\"width\":1024,\"height\":1024},{\"@type\":\"BreadcrumbList\",\"@id\":\"https:\\\/\\\/vigor-fitness.at\\\/fit\\\/impressum\\\/#breadcrumb\",\"itemListElement\":[{\"@type\":\"ListItem\",\"position\":1,\"name\":\"Startseite\",\"item\":\"https:\\\/\\\/vigor-fitness.at\\\/fit\\\/\"},{\"@type\":\"ListItem\",\"position\":2,\"name\":\"Impressum\"}]},{\"@type\":\"WebSite\",\"@id\":\"https:\\\/\\\/vigor-fitness.at\\\/fit\\\/#website\",\"url\":\"https:\\\/\\\/vigor-fitness.at\\\/fit\\\/\",\"name\":\"Vigor Fitness\",\"description\":\"Vigor Fitness - wir bringen dich weiter! Durch unsere ganzheitliche Vorgehensweise wird dein Training auf ein neues Level gebracht.\",\"publisher\":{\"@id\":\"https:\\\/\\\/vigor-fitness.at\\\/fit\\\/#organization\"},\"potentialAction\":[{\"@type\":\"SearchAction\",\"target\":{\"@type\":\"EntryPoint\",\"urlTemplate\":\"https:\\\/\\\/vigor-fitness.at\\\/fit\\\/?s={search_term_string}\"},\"query-input\":{\"@type\":\"PropertyValueSpecification\",\"valueRequired\":true,\"valueName\":\"search_term_string\"}}],\"inLanguage\":\"de-AT\"},{\"@type\":\"Organization\",\"@id\":\"https:\\\/\\\/vigor-fitness.at\\\/fit\\\/#organization\",\"name\":\"Vigor Fitness\",\"url\":\"https:\\\/\\\/vigor-fitness.at\\\/fit\\\/\",\"logo\":{\"@type\":\"ImageObject\",\"inLanguage\":\"de-AT\",\"@id\":\"https:\\\/\\\/vigor-fitness.at\\\/fit\\\/#\\\/schema\\\/logo\\\/image\\\/\",\"url\":\"https:\\\/\\\/vigor-fitness.at\\\/fit\\\/wp-content\\\/uploads\\\/2020\\\/12\\\/Vigor_Fitness_Primary_Weiss.jpg\",\"contentUrl\":\"https:\\\/\\\/vigor-fitness.at\\\/fit\\\/wp-content\\\/uploads\\\/2020\\\/12\\\/Vigor_Fitness_Primary_Weiss.jpg\",\"width\":350,\"height\":100,\"caption\":\"Vigor Fitness\"},\"image\":{\"@id\":\"https:\\\/\\\/vigor-fitness.at\\\/fit\\\/#\\\/schema\\\/logo\\\/image\\\/\"},\"sameAs\":[\"https:\\\/\\\/www.facebook.com\\\/Vigor.Health.Performance\",\"https:\\\/\\\/www.instagram.com\\\/vigor.health.performance\\\/\"]}]}<\/script>\n<!-- \/ Yoast SEO plugin. -->","yoast_head_json":{"title":"Impressum - Vigor Fitness","robots":{"index":"index","follow":"follow","max-snippet":"max-snippet:-1","max-image-preview":"max-image-preview:large","max-video-preview":"max-video-preview:-1"},"canonical":"https:\/\/vigor-fitness.at\/fit\/impressum\/","og_locale":"de_DE","og_type":"article","og_title":"Impressum - Vigor Fitness","og_description":"Firmenwortlaut und Inhaber Vigor Fitness Herrengasse Herrengasse 14, Stiege 1, 1. Stock, T\u00fcr 1035 Inhaber: Zoloto GmbH und Christian Binder Gesch\u00e4ftsf\u00fchrer: Christian Binder Tel:+43 (0) 676 440 6655 healthpost@vigor-fitness.at Rechtliches Unternehmensgegenstand: Betrieb eines Fitnessstudios Firmenbuchnummer: FN 606459 b Firmenbuchgericht: Handelsgericht Wien Mitglied der WK\u00d6 T\u00e4tigkeitsbeschreibung: Sport- und Gesundheitsbetriebe sowie der Betrieb von Gesundheitseinrichtungen Anwendbare Rechtsvorschrift:...","og_url":"https:\/\/vigor-fitness.at\/fit\/impressum\/","og_site_name":"Vigor Fitness","article_publisher":"https:\/\/www.facebook.com\/Vigor.Health.Performance","article_modified_time":"2025-11-27T18:44:37+00:00","og_image":[{"width":1024,"height":1024,"url":"https:\/\/vigor-fitness.at\/fit\/wp-content\/uploads\/2023\/10\/Vigor_Fitnes_Wien_Impressumg.jpg","type":"image\/jpeg"}],"twitter_card":"summary_large_image","twitter_misc":{"Gesch\u00e4tzte Lesezeit":"3 Minuten"},"schema":{"@context":"https:\/\/schema.org","@graph":[{"@type":"WebPage","@id":"https:\/\/vigor-fitness.at\/fit\/impressum\/","url":"https:\/\/vigor-fitness.at\/fit\/impressum\/","name":"Impressum - Vigor Fitness","isPartOf":{"@id":"https:\/\/vigor-fitness.at\/fit\/#website"},"primaryImageOfPage":{"@id":"https:\/\/vigor-fitness.at\/fit\/impressum\/#primaryimage"},"image":{"@id":"https:\/\/vigor-fitness.at\/fit\/impressum\/#primaryimage"},"thumbnailUrl":"https:\/\/vigor-fitness.at\/fit\/wp-content\/uploads\/2023\/10\/Vigor_Fitnes_Wien_Impressumg.jpg","datePublished":"2023-09-20T19:34:23+00:00","dateModified":"2025-11-27T18:44:37+00:00","breadcrumb":{"@id":"https:\/\/vigor-fitness.at\/fit\/impressum\/#breadcrumb"},"inLanguage":"de-AT","potentialAction":[{"@type":"ReadAction","target":["https:\/\/vigor-fitness.at\/fit\/impressum\/"]}]},{"@type":"ImageObject","inLanguage":"de-AT","@id":"https:\/\/vigor-fitness.at\/fit\/impressum\/#primaryimage","url":"https:\/\/vigor-fitness.at\/fit\/wp-content\/uploads\/2023\/10\/Vigor_Fitnes_Wien_Impressumg.jpg","contentUrl":"https:\/\/vigor-fitness.at\/fit\/wp-content\/uploads\/2023\/10\/Vigor_Fitnes_Wien_Impressumg.jpg","width":1024,"height":1024},{"@type":"BreadcrumbList","@id":"https:\/\/vigor-fitness.at\/fit\/impressum\/#breadcrumb","itemListElement":[{"@type":"ListItem","position":1,"name":"Startseite","item":"https:\/\/vigor-fitness.at\/fit\/"},{"@type":"ListItem","position":2,"name":"Impressum"}]},{"@type":"WebSite","@id":"https:\/\/vigor-fitness.at\/fit\/#website","url":"https:\/\/vigor-fitness.at\/fit\/","name":"Vigor Fitness","description":"Vigor Fitness - wir bringen dich weiter! Durch unsere ganzheitliche Vorgehensweise wird dein Training auf ein neues Level gebracht.","publisher":{"@id":"https:\/\/vigor-fitness.at\/fit\/#organization"},"potentialAction":[{"@type":"SearchAction","target":{"@type":"EntryPoint","urlTemplate":"https:\/\/vigor-fitness.at\/fit\/?s={search_term_string}"},"query-input":{"@type":"PropertyValueSpecification","valueRequired":true,"valueName":"search_term_string"}}],"inLanguage":"de-AT"},{"@type":"Organization","@id":"https:\/\/vigor-fitness.at\/fit\/#organization","name":"Vigor Fitness","url":"https:\/\/vigor-fitness.at\/fit\/","logo":{"@type":"ImageObject","inLanguage":"de-AT","@id":"https:\/\/vigor-fitness.at\/fit\/#\/schema\/logo\/image\/","url":"https:\/\/vigor-fitness.at\/fit\/wp-content\/uploads\/2020\/12\/Vigor_Fitness_Primary_Weiss.jpg","contentUrl":"https:\/\/vigor-fitness.at\/fit\/wp-content\/uploads\/2020\/12\/Vigor_Fitness_Primary_Weiss.jpg","width":350,"height":100,"caption":"Vigor Fitness"},"image":{"@id":"https:\/\/vigor-fitness.at\/fit\/#\/schema\/logo\/image\/"},"sameAs":["https:\/\/www.facebook.com\/Vigor.Health.Performance","https:\/\/www.instagram.com\/vigor.health.performance\/"]}]}},"_links":{"self":[{"href":"https:\/\/vigor-fitness.at\/fit\/wp-json\/wp\/v2\/pages\/1148","targetHints":{"allow":["GET"]}}],"collection":[{"href":"https:\/\/vigor-fitness.at\/fit\/wp-json\/wp\/v2\/pages"}],"about":[{"href":"https:\/\/vigor-fitness.at\/fit\/wp-json\/wp\/v2\/types\/page"}],"author":[{"embeddable":true,"href":"https:\/\/vigor-fitness.at\/fit\/wp-json\/wp\/v2\/users\/1"}],"replies":[{"embeddable":true,"href":"https:\/\/vigor-fitness.at\/fit\/wp-json\/wp\/v2\/comments?post=1148"}],"version-history":[{"count":55,"href":"https:\/\/vigor-fitness.at\/fit\/wp-json\/wp\/v2\/pages\/1148\/revisions"}],"predecessor-version":[{"id":994685,"href":"https:\/\/vigor-fitness.at\/fit\/wp-json\/wp\/v2\/pages\/1148\/revisions\/994685"}],"wp:attachment":[{"href":"https:\/\/vigor-fitness.at\/fit\/wp-json\/wp\/v2\/media?parent=1148"}],"curies":[{"name":"wp","href":"https:\/\/api.w.org\/{rel}","templated":true}]}}